{"id":4714,"date":"2017-12-12T14:34:31","date_gmt":"2017-12-12T13:34:31","guid":{"rendered":"http:\/\/terre-di-toscana.com\/terreditoscana\/?page_id=4714"},"modified":"2018-04-03T11:02:40","modified_gmt":"2018-04-03T09:02:40","slug":"triathlon","status":"publish","type":"page","link":"https:\/\/terre-di-toscana.com\/terreditoscana\/triathlon\/","title":{"rendered":"Triathlon"},"content":{"rendered":"<section class=\"wpb-content-wrapper\"><p>[vc_row][vc_column width=&#8221;2\/3&#8243;]<div class=\"dt-fancy-separator title-left h3-size\" style=\"width: 100%;\"><div class=\"dt-fancy-title\"><span class=\"separator-holder separator-left\" style=\"border-color: #ffa700;\"><\/span>Una delle migliori e ``rare`` destinazioni per il Triathlon<span class=\"separator-holder separator-right\" style=\"border-color: #ffa700;\"><\/span><\/div><\/div>[vc_empty_space height=&#8221;25px&#8221;][vc_column_text]Il Monte Amiata offre percorsi e situazioni ideali per questo tipo di attivit\u00e0. Durante la primavera e l\u2019estate \u00e8 possibile praticare mountain bike o corsa lungo i nostri sentieri coperti da una faggeta che arriva fino all\u2019altezza di 1837 mt. s.l.m..\u00a0Durante la primavera e l\u2019estate \u00e8 possibile correre nei sentieri segnalati lungo gli anelli della montagna o semplicemente iniziare un allenamento lungo le strade che portano fino alla vetta del Monte Amiata.\u00a0In localit\u00e0 primo rifugio \u00e8 possibilie proseguire in assoluta tranquillit\u00e0 e libert\u00e0 lungo i tragitti delle piste da sci, gli anelli delle pista da sci di fondo oppure attraverso i sentieri della montagna.<\/p>\n<p>Per chi preferisce un fondo regolare e misurato per la corsa \u00e8 possibile usufruire della <a href=\"http:\/\/terre-di-toscana.com\/terreditoscana\/campo-sportivo-o-campolmi-abbadia-san-salvatore\/\">nuovissima pista di atletica<\/a>, sempre ad Abbadia San Salvatore, ristrutturata nel 2017.<\/p>\n<p>Grazie alla <a href=\"http:\/\/terre-di-toscana.com\/terreditoscana\/piscina-comunale-uisp-abbadia-san-salvatore\/\">piscina ad Abbadia San Salvatore<\/a> potete invece passare allo step nuoto in una struttura recentemente ristrutturata e perfetta per l&#8217;allenamento acquatico (trattasi di una piscina semiolimpionica coperta a 6 corsie).<\/p>\n<p>Le strade che stanno a valle della montagna (Via cassia o via francigena) vi permetteranno invece di praticare bici su strada per chilometri su fondi di ottima qualit\u00e0. Vi invitiamo a visitare la pagina <a href=\"http:\/\/terre-di-toscana.com\/terreditoscana\/bici-su-strada\/\">Bici su strada<\/a> per vedere alcuni dei tracciati pi\u00f9 ricorrenti. Il sali e scendi della montagna invece vi metter\u00e0 a dura prova, ovviamente sempre su fondo stradale.<\/p>\n<p>I ritiri sportivi per questo motivo permettono allo stesso di avere un trattamento specifico per il corpo e per la mente grazie allo spettacolare paesaggio che circonda la persona per tutto il periodo del soggiorno.<\/p>\n<p><em><strong>Da alcune delle nostre ricerche il Monte Amiata sembrerebbe essere una delle rare se non l&#8217;unica destinazione disponibile ed attrezzata per questo tipo di sport.<\/strong><\/em><\/p>\n<p>Se sei un dirigente, se sei un allenatore o fai parte di un team richiedici informazioni su ritiri e offerte all inclusive per questo sport. Consulta la pagina <a href=\"http:\/\/terre-di-toscana.com\/terreditoscana\/offerte-ritiri-sportivi\/\">Offerte ritiri sportivi<\/a> o <a href=\"http:\/\/terre-di-toscana.com\/terreditoscana\/ritiri-sportivi-triathlon\/\">Ritiri sportivi di Triathlon<\/a> per maggiori dettagli altrimenti <a href=\"http:\/\/terre-di-toscana.com\/terreditoscana\/contatti-2\/\">contattaci a questa pagina<\/a>.[\/vc_column_text][\/vc_column][vc_column width=&#8221;1\/3&#8243;]<style type=\"text\/css\" data-type=\"the7_shortcodes-inline-css\">.shortcode-single-image-wrap.shortcode-single-image-b2c510d65203e81ad30877292059309f.enable-bg-rollover .rollover i,\n.shortcode-single-image-wrap.shortcode-single-image-b2c510d65203e81ad30877292059309f.enable-bg-rollover .rollover-video i {\n  background: ;\n  background: -webkit-linear-gradient();\n  background: linear-gradient();\n}\n.shortcode-single-image-wrap.shortcode-single-image-b2c510d65203e81ad30877292059309f .rollover-icon {\n  font-size: 32px;\n  color: #ffffff;\n  min-width: 44px;\n  min-height: 44px;\n  line-height: 44px;\n  border-radius: 100px;\n  border-style: solid;\n  border-width: 0px;\n}\n.dt-icon-bg-on.shortcode-single-image-wrap.shortcode-single-image-b2c510d65203e81ad30877292059309f .rollover-icon {\n  background: rgba(255,255,255,0.3);\n  -webkit-box-shadow: none;\n  box-shadow: none;\n}\n<\/style><div class=\"shortcode-single-image-wrap shortcode-single-image-b2c510d65203e81ad30877292059309f alignnone  enable-bg-rollover dt-icon-bg-off\" style=\"margin-top:0px; margin-bottom:0px; margin-left:0px; margin-right:0px; width:500px;\"><div class=\"shortcode-single-image\"><div class=\"fancy-media-wrap  layzr-bg\" style=\"\"><img class=\"preload-me lazy-load aspect\" src=\"data:image\/svg+xml,%3Csvg%20xmlns%3D&#39;http%3A%2F%2Fwww.w3.org%2F2000%2Fsvg&#39;%20viewBox%3D&#39;0%200%20500%20356&#39;%2F%3E\" data-src=\"https:\/\/terre-di-toscana.com\/terreditoscana\/wp-content\/uploads\/2018\/02\/british-triathlon-bg4-500x356.jpg\" data-srcset=\"https:\/\/terre-di-toscana.com\/terreditoscana\/wp-content\/uploads\/2018\/02\/british-triathlon-bg4-500x356.jpg 500w, https:\/\/terre-di-toscana.com\/terreditoscana\/wp-content\/uploads\/2018\/02\/british-triathlon-bg4-1000x712.jpg 1000w\" loading=\"eager\" sizes=\"(max-width: 500px) 100vw, 500px\" width=\"500\" height=\"356\"  data-dt-location=\"https:\/\/terre-di-toscana.com\/terreditoscana\/triathlon\/british-triathlon-bg4\/\" style=\"--ratio: 500 \/ 356;\" alt=\"\" \/><\/div><\/div><\/div>[\/vc_column][\/vc_row]<\/p>\n<\/section>","protected":false},"excerpt":{"rendered":"<p>[vc_row][vc_column width=&#8221;2\/3&#8243;][vc_empty_space height=&#8221;25px&#8221;][vc_column_text]Il Monte Amiata offre percorsi e situazioni ideali per questo tipo di attivit\u00e0. Durante la primavera e l\u2019estate \u00e8 possibile praticare mountain bike o corsa lungo i nostri sentieri coperti da una faggeta che arriva fino all\u2019altezza di 1837 mt. s.l.m..\u00a0Durante la primavera e l\u2019estate \u00e8 possibile correre nei sentieri segnalati lungo gli&hellip;<\/p>\n","protected":false},"author":1,"featured_media":0,"parent":0,"menu_order":0,"comment_status":"closed","ping_status":"closed","template":"","meta":[],"_links":{"self":[{"href":"https:\/\/terre-di-toscana.com\/terreditoscana\/wp-json\/wp\/v2\/pages\/4714"}],"collection":[{"href":"https:\/\/terre-di-toscana.com\/terreditoscana\/wp-json\/wp\/v2\/pages"}],"about":[{"href":"https:\/\/terre-di-toscana.com\/terreditoscana\/wp-json\/wp\/v2\/types\/page"}],"author":[{"embeddable":true,"href":"https:\/\/terre-di-toscana.com\/terreditoscana\/wp-json\/wp\/v2\/users\/1"}],"replies":[{"embeddable":true,"href":"https:\/\/terre-di-toscana.com\/terreditoscana\/wp-json\/wp\/v2\/comments?post=4714"}],"version-history":[{"count":8,"href":"https:\/\/terre-di-toscana.com\/terreditoscana\/wp-json\/wp\/v2\/pages\/4714\/revisions"}],"predecessor-version":[{"id":7227,"href":"https:\/\/terre-di-toscana.com\/terreditoscana\/wp-json\/wp\/v2\/pages\/4714\/revisions\/7227"}],"wp:attachment":[{"href":"https:\/\/terre-di-toscana.com\/terreditoscana\/wp-json\/wp\/v2\/media?parent=4714"}],"curies":[{"name":"wp","href":"https:\/\/api.w.org\/{rel}","templated":true}]}}