{"id":4679,"date":"2017-12-12T14:25:27","date_gmt":"2017-12-12T13:25:27","guid":{"rendered":"http:\/\/terre-di-toscana.com\/terreditoscana\/?page_id=4679"},"modified":"2019-11-11T10:34:14","modified_gmt":"2019-11-11T09:34:14","slug":"ebike","status":"publish","type":"page","link":"https:\/\/terre-di-toscana.com\/terreditoscana\/ebike\/","title":{"rendered":"eBike"},"content":{"rendered":"<section class=\"wpb-content-wrapper\"><p>[vc_row][vc_column width=&#8221;2\/3&#8243;][vc_column_text]<strong>\u00c8 la tendenza del momento, \u00e8 la mountain bike che ci permette di esplorare qualsiasi tipologia di terreno, strada o sentiero, anche se non si \u00e8 allenati.<\/strong><\/p>\n<p>Non ci sono pi\u00f9 scuse adesso! Immergersi nei boschi con le e-bike \u00e8 un ottimo modo per esplorare la montagna allenando il fisico e la mente.<\/p>\n<p>L&#8217;eBike mette le ali alla mobilit\u00e0 ed \u00e8 uno dei mezzi di trasporto pi\u00f9 agili, confortevoli e intelligenti dei nostri tempi che ha <strong>effetti benefici<\/strong> sulla nostra salute, sull&#8217;ambiente e sulla nostra societ\u00e0.<br \/>\nPer chi non ha un particolare allenamento fisico e per chi ama stare all\u2019aria aperta in sentieri sterrati, o su strada, senza affaticarsi troppo l\u2019ebike \u00e8 la soluzione migliore.<br \/>\nL\u2019ebike da la possibilit\u00e0 di girare in <strong>completa autonomia<\/strong> tutto il Monte Amiata tra piste ciclabili, sentieri, ambienti urbani e boschi pur essendo fuori allenamento.<\/p>\n<p><em><strong>Adatta a tutte le et\u00e0 vi porter\u00e0 ovunque vogliate!<\/strong><\/em>[\/vc_column_text]<div class=\"dt-fancy-separator h3-size\" style=\"width: 100%;\"><div class=\"dt-fancy-title\"><span class=\"separator-holder separator-left\" style=\"border-color: #ffa700;\"><\/span>Tariffe noleggio<span class=\"separator-holder separator-right\" style=\"border-color: #ffa700;\"><\/span><\/div><\/div>[vc_empty_space height=&#8221;25px&#8221;][vc_icon type=&#8221;openiconic&#8221; icon_openiconic=&#8221;vc-oi vc-oi-clock&#8221; color=&#8221;black&#8221; size=&#8221;lg&#8221; align=&#8221;center&#8221; css=&#8221;.vc_custom_1526390616419{margin-bottom: 10px !important;padding-bottom: 0px !important;}&#8221;][vc_column_text]<\/p>\n<h4 style=\"text-align: center;\"><strong>Mezza giornata 20\u00a0\u20ac<\/strong><\/h4>\n<h4 style=\"text-align: center;\"><strong>Giornata intera 35\u00a0\u20ac<\/strong><\/h4>\n<p>(per biciclette di gamma pi\u00f9 alta i prezzi passano a 25 euro per la mezza giornata e 40 per la giornata intera)[\/vc_column_text]<div class=\"dt-fancy-separator h3-size\" style=\"width: 100%;\"><div class=\"dt-fancy-title\"><span class=\"separator-holder separator-left\" style=\"border-color: #ffa700;\"><\/span>Noleggio a lungo termine<span class=\"separator-holder separator-right\" style=\"border-color: #ffa700;\"><\/span><\/div><\/div>[vc_empty_space height=&#8221;25px&#8221;][vc_column_text]Il noleggio a lungo termine non c&#8217;\u00e8 solo per le auto ma da oggi anche per le e-bike. Biciclette di grandi marche e qualit\u00e0 che puoi noleggiare per un periodo stabilito. Consulta il catalogo e scegli la tua e-bike preferita.<br \/>\n<strong>N.B.= il catalogo riporta il listino noleggio dai 5 mesi in su ma chiama subito lo \u00a00577778016 per avere un preventivo per periodi inferiori!<\/strong>[\/vc_column_text][vc_empty_space height=&#8221;25px&#8221;]<style type=\"text\/css\" data-type=\"the7_shortcodes-inline-css\">#default-btn-d7379e63bbac57f2cafe28667a9b7e8c {\n  border-radius: 3px;\n  font-size: 18px;\n  line-height: 20px;\n}\n.btn-shadow#default-btn-d7379e63bbac57f2cafe28667a9b7e8c {\n  box-shadow: 0 1px 6px rgba(0,0,0,0.12);\n  transition: box-shadow 0.2s ease-out, opacity 0.45s;\n}\n.btn-shadow#default-btn-d7379e63bbac57f2cafe28667a9b7e8c:hover {\n  box-shadow: 0 5px 11px 0 rgba(0,0,0,0.18), 0 4px 15px 0 rgba(0,0,0,0.15);\n}\n.btn-3d#default-btn-d7379e63bbac57f2cafe28667a9b7e8c {\n  box-shadow: 0px 2px 0px 0px #223427;\n}\n.btn-3d#default-btn-d7379e63bbac57f2cafe28667a9b7e8c:hover {\n  box-shadow: 0px 2px 0px 0px #3d4d41;\n}\n.btn-flat#default-btn-d7379e63bbac57f2cafe28667a9b7e8c {\n  box-shadow: none;\n}\n.btn-flat#default-btn-d7379e63bbac57f2cafe28667a9b7e8c:hover {\n  box-shadow: none;\n}\n#default-btn-d7379e63bbac57f2cafe28667a9b7e8c.ico-right-side > i {\n  margin-right: 0px;\n  margin-left: 8px;\n}\n#default-btn-d7379e63bbac57f2cafe28667a9b7e8c > i {\n  margin-right: 8px;\n  font-size: 18px;\n}\n#default-btn-d7379e63bbac57f2cafe28667a9b7e8c:not(:hover) {\n  border-width: 0px;\n  color: #ffffff;\n  background: #2b683b !important;\n  padding: 16px 24px 16px 24px;\n}\n#default-btn-d7379e63bbac57f2cafe28667a9b7e8c:not(:hover) * {\n  color: #ffffff;\n}\n#default-btn-d7379e63bbac57f2cafe28667a9b7e8c:hover {\n  border-width: 0px;\n  color: #ffffff;\n  background: #448355 !important;\n  padding: 16px 24px 16px 24px;\n}\n#default-btn-d7379e63bbac57f2cafe28667a9b7e8c:hover * {\n  color: #ffffff;\n}\n#default-btn-d7379e63bbac57f2cafe28667a9b7e8c.ico-right-side > i {\n  margin-right: 0px;\n  margin-left: 8px;\n}\n#default-btn-d7379e63bbac57f2cafe28667a9b7e8c > i {\n  margin-right: 8px;\n}\n<\/style><div class=\"btn-align-center\"><a href=\"http:\/\/terre-di-toscana.com\/terreditoscana\/wp-content\/uploads\/2018\/05\/Catalogo-Ebike-idonee.pdf\" class=\"default-btn-shortcode dt-btn link-hover-off btn-flat \" target=\"_blank\" id=\"default-btn-d7379e63bbac57f2cafe28667a9b7e8c\" style=\"width:400px;\" rel=\"noopener\"><i class=\"fas fa-bicycle\"><\/i><span>Guarda il catalogo<\/span><\/a><\/div>[\/vc_column][vc_column width=&#8221;1\/3&#8243;][vc_media_grid element_width=&#8221;6&#8243; grid_id=&#8221;vc_gid:1526390590563-bf1f38c3-e279-8&#8243; include=&#8221;7790,8034,8033,8035&#8243;]<div class=\"dt-fancy-separator h3-size\" style=\"width: 100%;\"><div class=\"dt-fancy-title\"><span class=\"separator-holder separator-left\" style=\"border-color: #ffa700;\"><\/span>Contatti<span class=\"separator-holder separator-right\" style=\"border-color: #ffa700;\"><\/span><\/div><\/div>[vc_empty_space]<div class=\"aio-icon-component  vc_custom_1526390572988   style_1\"><div id=\"Info-box-wrap-1791\" class=\"aio-icon-box default-icon\" style=\"\"  ><div class=\"aio-icon-header\" ><h3 class=\"aio-icon-title ult-responsive\"  data-ultimate-target='#Info-box-wrap-1791 .aio-icon-title'  data-responsive-json-new='{\"font-size\":\"\",\"line-height\":\"\"}'  style=\"\">Tondi Sport<\/h3><\/div> <!-- header --><div class=\"aio-icon-description ult-responsive\"  data-ultimate-target='#Info-box-wrap-1791 .aio-icon-description'  data-responsive-json-new='{\"font-size\":\"\",\"line-height\":\"\"}'  style=\"\"><\/p>\n<ul>\n<li><span class=\"glyphicon glyphicon-road\">26, Via Matteotti<br \/>\n<\/span><span class=\"glyphicon glyphicon-road\">Abbadia San Salvatore &#8211; Siena<\/span><\/li>\n<li><span class=\"glyphicon glyphicon-phone-alt\">Tel.: 0577778016<\/span><\/li>\n<li><span class=\"glyphicon glyphicon-envelope\">Email: <a href=\"mailto:info@tondisport.it\">info@tondisport.it<\/a><\/span><\/li>\n<li>Sito web:\u00a0<a href=\"http:\/\/www.tondisport.it\">http:\/\/www.tondisport.it<\/a><\/li>\n<\/ul>\n<p><\/div> <!-- description --><\/div> <!-- aio-icon-box --><\/div> <!-- aio-icon-component --><style type=\"text\/css\" data-type=\"the7_shortcodes-inline-css\">.dt-shortcode-soc-icons.soc-icons-8d826958557824ea4da8ce048b21cd59 a {\n  margin-right: 4px;\n}\n.dt-shortcode-soc-icons a.soc-icons-8d826958557824ea4da8ce048b21cd59 {\n  margin-right: 4px;\n}\n.dt-shortcode-soc-icons a.soc-icons-8d826958557824ea4da8ce048b21cd59:last-child {\n  margin-right: 0;\n}\n.dt-shortcode-soc-icons a.soc-icons-8d826958557824ea4da8ce048b21cd59:before,\n.dt-shortcode-soc-icons a.soc-icons-8d826958557824ea4da8ce048b21cd59:after {\n  padding: inherit;\n}\n.dt-shortcode-soc-icons a.soc-icons-8d826958557824ea4da8ce048b21cd59.dt-icon-border-on:before {\n  border:  solid ;\n}\n.dt-shortcode-soc-icons a.soc-icons-8d826958557824ea4da8ce048b21cd59.dt-icon-hover-border-on:after {\n  border:  solid ;\n}\n<\/style><div class=\"dt-shortcode-soc-icons  soc-icons-8d826958557824ea4da8ce048b21cd59 soc-icons-left  vc_custom_1526390510642\" ><style type=\"text\/css\" data-type=\"the7_shortcodes-inline-css\">.dt-shortcode-soc-icons a.single-soc-icon-360ec66bea16f27e5ccd03cac1f7de04 {\n  min-width: 26px;\n  min-height: 26px;\n  font-size: 16px;\n  border-radius: 100px;\n}\n.dt-shortcode-soc-icons a.single-soc-icon-360ec66bea16f27e5ccd03cac1f7de04:last-child {\n  margin-right: 0;\n}\n.dt-shortcode-soc-icons a.single-soc-icon-360ec66bea16f27e5ccd03cac1f7de04:before,\n.dt-shortcode-soc-icons a.single-soc-icon-360ec66bea16f27e5ccd03cac1f7de04:after {\n  min-width: 26px;\n  min-height: 26px;\n  padding: inherit;\n}\n.dt-shortcode-soc-icons a.single-soc-icon-360ec66bea16f27e5ccd03cac1f7de04.dt-icon-border-on:before {\n  border: 0px solid ;\n}\n.dt-shortcode-soc-icons a.single-soc-icon-360ec66bea16f27e5ccd03cac1f7de04.dt-icon-hover-border-on:after {\n  border: 0px solid ;\n}\n.dt-shortcode-soc-icons a.single-soc-icon-360ec66bea16f27e5ccd03cac1f7de04:hover {\n  font-size: 16px;\n}\n#page .dt-shortcode-soc-icons a.single-soc-icon-360ec66bea16f27e5ccd03cac1f7de04:hover .soc-font-icon,\n#phantom .dt-shortcode-soc-icons a.single-soc-icon-360ec66bea16f27e5ccd03cac1f7de04:hover .soc-font-icon,\n#page .dt-shortcode-soc-icons a.single-soc-icon-360ec66bea16f27e5ccd03cac1f7de04:hover .soc-icon,\n#phantom .dt-shortcode-soc-icons a.single-soc-icon-360ec66bea16f27e5ccd03cac1f7de04:hover .soc-icon {\n  color: rgba(255,255,255,0.75);\n  background: none;\n}\n#page .dt-shortcode-soc-icons a.single-soc-icon-360ec66bea16f27e5ccd03cac1f7de04:not(:hover) .soc-font-icon,\n#phantom .dt-shortcode-soc-icons a.single-soc-icon-360ec66bea16f27e5ccd03cac1f7de04:not(:hover) .soc-font-icon,\n#page .dt-shortcode-soc-icons a.single-soc-icon-360ec66bea16f27e5ccd03cac1f7de04:not(:hover) .soc-icon,\n#phantom .dt-shortcode-soc-icons a.single-soc-icon-360ec66bea16f27e5ccd03cac1f7de04:not(:hover) .soc-icon {\n  color: #ffffff;\n  background: none;\n}\n.dt-shortcode-soc-icons a.single-soc-icon-360ec66bea16f27e5ccd03cac1f7de04 .soc-font-icon,\n.dt-shortcode-soc-icons a.single-soc-icon-360ec66bea16f27e5ccd03cac1f7de04 .soc-icon {\n  font-size: 16px;\n}\n<\/style><a title=\"Facebook\" href=\"https:\/\/www.facebook.com\/TondiSportabbadia\/\"  target=\"_blank\"class=\"facebook single-soc-icon-360ec66bea16f27e5ccd03cac1f7de04 dt-icon-bg-on dt-icon-border-on dt-icon-hover-border-on dt-icon-hover-bg-on  \" ><i class=\"soc-icon soc-font-icon dt-icon-facebook\"><\/i><span class=\"screen-reader-text\">Facebook<\/span><\/a><\/div>[\/vc_column][\/vc_row]<\/p>\n<\/section>","protected":false},"excerpt":{"rendered":"<p>[vc_row][vc_column width=&#8221;2\/3&#8243;][vc_column_text]\u00c8 la tendenza del momento, \u00e8 la mountain bike che ci permette di esplorare qualsiasi tipologia di terreno, strada o sentiero, anche se non si \u00e8 allenati. Non ci sono pi\u00f9 scuse adesso! Immergersi nei boschi con le e-bike \u00e8 un ottimo modo per esplorare la montagna allenando il fisico e la mente. L&#8217;eBike&hellip;<\/p>\n","protected":false},"author":1,"featured_media":0,"parent":0,"menu_order":0,"comment_status":"closed","ping_status":"closed","template":"","meta":[],"_links":{"self":[{"href":"https:\/\/terre-di-toscana.com\/terreditoscana\/wp-json\/wp\/v2\/pages\/4679"}],"collection":[{"href":"https:\/\/terre-di-toscana.com\/terreditoscana\/wp-json\/wp\/v2\/pages"}],"about":[{"href":"https:\/\/terre-di-toscana.com\/terreditoscana\/wp-json\/wp\/v2\/types\/page"}],"author":[{"embeddable":true,"href":"https:\/\/terre-di-toscana.com\/terreditoscana\/wp-json\/wp\/v2\/users\/1"}],"replies":[{"embeddable":true,"href":"https:\/\/terre-di-toscana.com\/terreditoscana\/wp-json\/wp\/v2\/comments?post=4679"}],"version-history":[{"count":33,"href":"https:\/\/terre-di-toscana.com\/terreditoscana\/wp-json\/wp\/v2\/pages\/4679\/revisions"}],"predecessor-version":[{"id":8740,"href":"https:\/\/terre-di-toscana.com\/terreditoscana\/wp-json\/wp\/v2\/pages\/4679\/revisions\/8740"}],"wp:attachment":[{"href":"https:\/\/terre-di-toscana.com\/terreditoscana\/wp-json\/wp\/v2\/media?parent=4679"}],"curies":[{"name":"wp","href":"https:\/\/api.w.org\/{rel}","templated":true}]}}