{"id":4614,"date":"2017-12-12T13:09:34","date_gmt":"2017-12-12T12:09:34","guid":{"rendered":"http:\/\/terre-di-toscana.com\/terreditoscana\/?page_id=4614"},"modified":"2018-02-28T16:45:29","modified_gmt":"2018-02-28T15:45:29","slug":"castel-del-piano","status":"publish","type":"page","link":"https:\/\/terre-di-toscana.com\/terreditoscana\/castel-del-piano\/","title":{"rendered":"Castel del Piano"},"content":{"rendered":"<section class=\"wpb-content-wrapper\"><p>[vc_row][vc_column width=&#8221;2\/3&#8243;][vc_column_text]Castel del Piano, posto a 637 metri sopra il livello del mare, \u00e8 uno dei paesi pi\u00f9 antichi dell\u2019Amiata dove le prime frequentazioni risalgono al Paleolitico. Il primo documento storico di Castel del Piano risale all\u2019anno 890, quando Casale Plana apparteneva ai possedimenti dell\u2019abbazia del San Salvatore, alle cui vicende storico politiche si leg\u00f2 fino al 1198. Fu in questo periodo, che coincide con l\u2019incastellamento toscano, che la popolazione che abitava prima il pianoro circostante, si arrocc\u00f2 per motivi di difesa intorno al colle e vi costru\u00ec il castrum. Pass\u00f2 agli Aldobrandeschi di Santa Fiora nel 1214 che nel 1330 ne cedettero per met\u00e0 alla Repubblica di Siena. L\u2019anno successivo, dopo le imprese di Guidoriccio da Fogliano, capitano di Siena, fu \u201cvenduto\u201d alla Repubblica per 8.000 fiorini.<\/p>\n<p>Nel 1393 sotto il dominio senese Castel del Piano ebbe i primi statuti, le mura di pietra, un mercato; quello del 9 settembre che ininterrottamente \u00e8 durato fino ad oggi, a cui, probabilmente possono essere ricondotte le prime corse dei cavalli della festa patronale del paese. Pochi anni dopo durante una delle numerose guerre tra Siena e i conti Aldobrandeschi, una leggenda narra che quattro soldati \u201ccioli\u201d al servizio della repubblica senese furono salvati dall\u2019attacco nemico da un\u2019icona miracolosa della Madonna delle Grazie, attribuita poi dagli storici dell\u2019arte a Sano di Pietro.\u00a0 I soldati dopo aver trafugato l\u2019immagine sacra dalla cappella in cui era collocata, la portarono a Castel del Piano. Dall\u2019anno 1431, si decise di correre ogni 8 settembre il palio in onore della Madonna delle Grazie, patrona del paese. \u00a0\u00a0Le quattro contrade sono Borgo (colori rosa-viola), Monumento ( colori rosso-blu), Poggio ( colori giallo-verde), \u00a0Storte (colori bianco-nero). Il palio di Castel del Piano si corre nell\u2019ottocentesca piazza Garibaldi, che a forma di conchiglia in declivio imita la senese piazza del Campo.<\/p>\n<p>Dopo la caduta di Montalcino, nel 1559 Castel del Piano pass\u00f2 sotto la signoria dei Medici e poi segu\u00ec tutte le sorti dei paesi amiatini (ad eccezione di Santa Fiora) e toscani.<\/p>\n<p>Il centro storico \u00e8 posto su costone di trachite che degrada dolcemente da nord, dove \u00e8 a strapiombo verso valle a sud. La struttura ad anelli lascia ipotizzare una specifica pianificazione urbanistica attorno ad un cassero centrale. L\u2019antica cinta muraria essendo stata inglobata negli edifici, \u00e8 visibile soltanto nella parte del centro storico che guarda verso Montelaterone e Montegiovi. All\u2019antico borgo si accedeva tramite due porte ancora oggi presenti: la Pianese (oggi porta dell\u2019Orologio) e la Castiglionese (oggi porta Amiata). Nel 1600 fu iniziata la realizzazione della porta Spenazia che un\u00ec, con una lunga scalinata, l\u2019attuale corso Nasini alla Piana, la principale strada del borgo.<\/p>\n<p>Il centro medievale conserva un armonico susseguirsi di vicoli paralleli interrotti da piazzette, piagge e scalinate.\u00a0 Imponenti e ben conservati alcuni edifici storici come il Palazzo della Comunit\u00e0, che fu sede del Consiglio generale, dei priori e del camerlengo e il Palazzo Pretorio, dove risiedeva il Vicario di Siena. Nella parte pi\u00f9 moderna \u00e8 ubicato Palazzo Nerucci, iniziato a costruire nel 1570 per volont\u00e0 di Domenico Nerucci, grande auditore fiscale di molti Papi.\u00a0 In questo palazzo \u00e8 presente il Centro di documentazione di civilt\u00e0 contadina, con un fondo librario donato dalla famiglia di Ildebrando Imberciadori, una zona museale di arte antica e moderna e un\u2019emeroteca. Nel centro storico si trovano due chiese quella del Santissimo Sacramento e quella della basilica di San Leonardo. Fuori dal borgo di notevole interesse artistico e architettonico sono presenti due chiese. La chiesa dell\u2019Opera, dedicata alla Nativit\u00e0 della Madonna, il pi\u00f9 grande edificio religioso dell\u2019Amiata e alla sua sinistra, di tipologia barocca, il santuario della Madonna delle Grazie.<\/p>\n<p>Nel Palazzo pubblico, nella sala adiacente a quella consiliare, \u00e8 allestito un piccolo museo della preistoria e della prima storia dell\u2019Amiata.[\/vc_column_text][\/vc_column][vc_column width=&#8221;1\/3&#8243;]<style type=\"text\/css\" data-type=\"the7_shortcodes-inline-css\">.shortcode-single-image-wrap.shortcode-single-image-02a563989e8294fd09f79c680e38bd7f.enable-bg-rollover .rollover i,\n.shortcode-single-image-wrap.shortcode-single-image-02a563989e8294fd09f79c680e38bd7f.enable-bg-rollover .rollover-video i {\n  background: ;\n  background: -webkit-linear-gradient();\n  background: linear-gradient();\n}\n.shortcode-single-image-wrap.shortcode-single-image-02a563989e8294fd09f79c680e38bd7f .rollover-icon {\n  font-size: 32px;\n  color: #ffffff;\n  min-width: 44px;\n  min-height: 44px;\n  line-height: 44px;\n  border-radius: 100px;\n  border-style: solid;\n  border-width: 0px;\n}\n.dt-icon-bg-on.shortcode-single-image-wrap.shortcode-single-image-02a563989e8294fd09f79c680e38bd7f .rollover-icon {\n  background: rgba(255,255,255,0.3);\n  -webkit-box-shadow: none;\n  box-shadow: none;\n}\n<\/style><div class=\"shortcode-single-image-wrap shortcode-single-image-02a563989e8294fd09f79c680e38bd7f alignnone  vc_custom_1519832517374 enable-bg-rollover dt-icon-bg-off\" ><div class=\"shortcode-single-image\"><div class=\"fancy-media-wrap\" style=\"\"><a class=\"layzr-bg rollover rollover-zoom dt-pswp-item pswp-image\" href=\"https:\/\/terre-di-toscana.com\/terreditoscana\/wp-content\/uploads\/2018\/02\/Convento_dei_Cappuccini_Arcidosso_GR.jpg\" title=\"Convento_dei_Cappuccini_Arcidosso_(GR)\" data-dt-img-description=\"\" data-large_image_width=\"790\" data-large_image_height = \"510\"  style=\"\"><img class=\"preload-me lazy-load aspect\" src=\"data:image\/svg+xml,%3Csvg%20xmlns%3D&#39;http%3A%2F%2Fwww.w3.org%2F2000%2Fsvg&#39;%20viewBox%3D&#39;0%200%20500%20322&#39;%2F%3E\" data-src=\"https:\/\/terre-di-toscana.com\/terreditoscana\/wp-content\/uploads\/2018\/02\/Convento_dei_Cappuccini_Arcidosso_GR-500x322.jpg\" data-srcset=\"https:\/\/terre-di-toscana.com\/terreditoscana\/wp-content\/uploads\/2018\/02\/Convento_dei_Cappuccini_Arcidosso_GR-500x322.jpg 500w, https:\/\/terre-di-toscana.com\/terreditoscana\/wp-content\/uploads\/2018\/02\/Convento_dei_Cappuccini_Arcidosso_GR-790x508.jpg 790w\" loading=\"eager\" style=\"--ratio: 500 \/ 322\" sizes=\"(max-width: 500px) 100vw, 500px\" width=\"500\" height=\"322\"  data-dt-location=\"https:\/\/terre-di-toscana.com\/terreditoscana\/convento-dei-cappuccini-arcidosso\/convento_dei_cappuccini_arcidosso_gr\/\" alt=\"\" \/><\/a><\/div><\/div><\/div>[vc_empty_space]<style type=\"text\/css\" data-type=\"the7_shortcodes-inline-css\">.shortcode-single-image-wrap.shortcode-single-image-1cf288396d0d741a7c6d3f88746d8711.enable-bg-rollover .rollover i,\n.shortcode-single-image-wrap.shortcode-single-image-1cf288396d0d741a7c6d3f88746d8711.enable-bg-rollover .rollover-video i {\n  background: ;\n  background: -webkit-linear-gradient();\n  background: linear-gradient();\n}\n.shortcode-single-image-wrap.shortcode-single-image-1cf288396d0d741a7c6d3f88746d8711 .rollover-icon {\n  font-size: 32px;\n  color: #ffffff;\n  min-width: 44px;\n  min-height: 44px;\n  line-height: 44px;\n  border-radius: 100px;\n  border-style: solid;\n  border-width: 0px;\n}\n.dt-icon-bg-on.shortcode-single-image-wrap.shortcode-single-image-1cf288396d0d741a7c6d3f88746d8711 .rollover-icon {\n  background: rgba(255,255,255,0.3);\n  -webkit-box-shadow: none;\n  box-shadow: none;\n}\n<\/style><div class=\"shortcode-single-image-wrap shortcode-single-image-1cf288396d0d741a7c6d3f88746d8711 alignnone  vc_custom_1519832684349 enable-bg-rollover dt-icon-bg-off\" ><div class=\"shortcode-single-image\"><div class=\"fancy-media-wrap\" style=\"\"><a class=\"layzr-bg rollover rollover-zoom dt-pswp-item pswp-image\" href=\"https:\/\/terre-di-toscana.com\/terreditoscana\/wp-content\/uploads\/2018\/02\/palioc-piano.jpg\" title=\"palioc-piano\" data-dt-img-description=\"\" data-large_image_width=\"800\" data-large_image_height = \"533\"  style=\"\"><img class=\"preload-me lazy-load aspect\" src=\"data:image\/svg+xml,%3Csvg%20xmlns%3D&#39;http%3A%2F%2Fwww.w3.org%2F2000%2Fsvg&#39;%20viewBox%3D&#39;0%200%20500%20333&#39;%2F%3E\" data-src=\"https:\/\/terre-di-toscana.com\/terreditoscana\/wp-content\/uploads\/2018\/02\/palioc-piano-500x333.jpg\" data-srcset=\"https:\/\/terre-di-toscana.com\/terreditoscana\/wp-content\/uploads\/2018\/02\/palioc-piano-500x333.jpg 500w, https:\/\/terre-di-toscana.com\/terreditoscana\/wp-content\/uploads\/2018\/02\/palioc-piano.jpg 800w\" loading=\"eager\" style=\"--ratio: 500 \/ 333\" sizes=\"(max-width: 500px) 100vw, 500px\" width=\"500\" height=\"333\"  data-dt-location=\"https:\/\/terre-di-toscana.com\/terreditoscana\/castel-del-piano\/palioc-piano\/\" alt=\"\" \/><\/a><\/div><\/div><\/div>[vc_empty_space]<style type=\"text\/css\" data-type=\"the7_shortcodes-inline-css\">.shortcode-single-image-wrap.shortcode-single-image-fc53b6f01bde33ed0e9a77ee91e3f69c.enable-bg-rollover .rollover i,\n.shortcode-single-image-wrap.shortcode-single-image-fc53b6f01bde33ed0e9a77ee91e3f69c.enable-bg-rollover .rollover-video i {\n  background: ;\n  background: -webkit-linear-gradient();\n  background: linear-gradient();\n}\n.shortcode-single-image-wrap.shortcode-single-image-fc53b6f01bde33ed0e9a77ee91e3f69c .rollover-icon {\n  font-size: 32px;\n  color: #ffffff;\n  min-width: 44px;\n  min-height: 44px;\n  line-height: 44px;\n  border-radius: 100px;\n  border-style: solid;\n  border-width: 0px;\n}\n.dt-icon-bg-on.shortcode-single-image-wrap.shortcode-single-image-fc53b6f01bde33ed0e9a77ee91e3f69c .rollover-icon {\n  background: rgba(255,255,255,0.3);\n  -webkit-box-shadow: none;\n  box-shadow: none;\n}\n<\/style><div class=\"shortcode-single-image-wrap shortcode-single-image-fc53b6f01bde33ed0e9a77ee91e3f69c alignnone  vc_custom_1519832707113 enable-bg-rollover dt-icon-bg-off\" ><div class=\"shortcode-single-image\"><div class=\"fancy-media-wrap\" style=\"\"><a class=\"layzr-bg rollover rollover-zoom dt-pswp-item pswp-image\" href=\"https:\/\/terre-di-toscana.com\/terreditoscana\/wp-content\/uploads\/2018\/02\/Giardino_di_Piero_Bonacina.jpg\" title=\"Giardino_di_Piero_Bonacina\" data-dt-img-description=\"\" data-large_image_width=\"1200\" data-large_image_height = \"800\"  style=\"\"><img class=\"preload-me lazy-load aspect\" src=\"data:image\/svg+xml,%3Csvg%20xmlns%3D&#39;http%3A%2F%2Fwww.w3.org%2F2000%2Fsvg&#39;%20viewBox%3D&#39;0%200%20500%20333&#39;%2F%3E\" data-src=\"https:\/\/terre-di-toscana.com\/terreditoscana\/wp-content\/uploads\/2018\/02\/Giardino_di_Piero_Bonacina-500x333.jpg\" data-srcset=\"https:\/\/terre-di-toscana.com\/terreditoscana\/wp-content\/uploads\/2018\/02\/Giardino_di_Piero_Bonacina-500x333.jpg 500w, https:\/\/terre-di-toscana.com\/terreditoscana\/wp-content\/uploads\/2018\/02\/Giardino_di_Piero_Bonacina-1000x666.jpg 1000w\" loading=\"eager\" style=\"--ratio: 500 \/ 333\" sizes=\"(max-width: 500px) 100vw, 500px\" width=\"500\" height=\"333\"  data-dt-location=\"https:\/\/terre-di-toscana.com\/terreditoscana\/torre-giurisdavidica-del-monte-labbro\/giardino_di_piero_bonacina\/\" alt=\"\" \/><\/a><\/div><\/div><\/div>[\/vc_column][\/vc_row]<\/p>\n<\/section>","protected":false},"excerpt":{"rendered":"<p>[vc_row][vc_column width=&#8221;2\/3&#8243;][vc_column_text]Castel del Piano, posto a 637 metri sopra il livello del mare, \u00e8 uno dei paesi pi\u00f9 antichi dell\u2019Amiata dove le prime frequentazioni risalgono al Paleolitico. Il primo documento storico di Castel del Piano risale all\u2019anno 890, quando Casale Plana apparteneva ai possedimenti dell\u2019abbazia del San Salvatore, alle cui vicende storico politiche si leg\u00f2&hellip;<\/p>\n","protected":false},"author":1,"featured_media":0,"parent":0,"menu_order":0,"comment_status":"closed","ping_status":"closed","template":"","meta":[],"_links":{"self":[{"href":"https:\/\/terre-di-toscana.com\/terreditoscana\/wp-json\/wp\/v2\/pages\/4614"}],"collection":[{"href":"https:\/\/terre-di-toscana.com\/terreditoscana\/wp-json\/wp\/v2\/pages"}],"about":[{"href":"https:\/\/terre-di-toscana.com\/terreditoscana\/wp-json\/wp\/v2\/types\/page"}],"author":[{"embeddable":true,"href":"https:\/\/terre-di-toscana.com\/terreditoscana\/wp-json\/wp\/v2\/users\/1"}],"replies":[{"embeddable":true,"href":"https:\/\/terre-di-toscana.com\/terreditoscana\/wp-json\/wp\/v2\/comments?post=4614"}],"version-history":[{"count":8,"href":"https:\/\/terre-di-toscana.com\/terreditoscana\/wp-json\/wp\/v2\/pages\/4614\/revisions"}],"predecessor-version":[{"id":6864,"href":"https:\/\/terre-di-toscana.com\/terreditoscana\/wp-json\/wp\/v2\/pages\/4614\/revisions\/6864"}],"wp:attachment":[{"href":"https:\/\/terre-di-toscana.com\/terreditoscana\/wp-json\/wp\/v2\/media?parent=4614"}],"curies":[{"name":"wp","href":"https:\/\/api.w.org\/{rel}","templated":true}]}}